by b?
17
Suppose q - 6*m + 4*m = 18, 2*m = -33*q + 526. Calculate the remainder when 4473 is divided by q.
9
Let q = 151 - -69. Calculate the remainder when q is divided by (-1 - 2) + (2 - -38).
35
Let b = 14 + 26. Let l = 42 - b. Suppose -64 = -3*f - f + l*c, -3*c + 12 = 0. Calculate the remainder when f is divided by 10.
8
Suppose 3*c + c - 143 = -5*p, 2*c = -6. Let j(b) = 4*b**2 + 4*b - 15. Let w be j(-7). Suppose -w*m + 152*m = -7. What is the remainder when p is divided by m?
3
Let z(h) = 38*h - 14. Let s be z(2). Suppose m - 2*o = 3, 2*m - 7*m - 5*o + 75 = 0. Calculate the remainder when (s/(-8))/(2/(-8)) is divided by m.
9
Suppose 0 = -15*i + 11*i + 12. Suppose -i*d = -2*d + b - 52, -5*d = -3*b - 268. Let y = -48 + d. Calculate the remainder when y is divided by 3.
2
Suppose -1881 = -8*w - 409. Let v = w - 169. What is the remainder when (1 - (-2 - -2))*27 is divided by v?
12
Suppose -7*v = 11*v - 277 - 47. Calculate the remainder when 1366 is divided by v.
16
Let b(w) = 72*w**2 - 2*w - 3. Calculate the remainder when b(-2) is divided by 17/(510/12) - 10143/(-105).
95
Suppose -4*h + 5*w + 905 = -h, 0 = -3*h - w + 881. Suppose -5*t + h = d, -2*t + 13 + 105 = 3*d. Calculate the remainder when t is divided by 15.
14
Suppose -39 = -2*q + 3*u - 12, 5 = -u. Suppose -2*n + 56 = 3*y - q, -3*y = -12. Suppose 0 = p - 9 - 4. Calculate the remainder when n is divided by p.
12
Let s(g) = -g**3 - 5*g**2 + 23*g + 223. What is the remainder when s(-6) is divided by 47?
27
Let x = -200523 - -200556. Let w = 395 + -261. What is the remainder when w is divided by x?
2
Suppose 18 = 5*k - 122. Let z(q) = q**2 - 18*q + 69. Let n(y) = -y**2 - 5*y + 26. Let p be n(-6). What is the remainder when z(p) is divided by k?
25
Suppose 949 = 5*y + 2*n + 374, -493 = -4*y + 5*n. Suppose 22*o = 18*o - 744. Calculate the remainder when y is divided by 2/(-4 - o/45).
12
Let j(f) = -f**2 - 23*f - 100. Let r be j(-16). Let q = r + 666. What is the remainder when q is divided by 62?
58
Let p = 1462 + -1448. Calculate the remainder when 78 is divided by p.
8
Suppose -39*n = -42*n + 3717. What is the remainder when n is divided by 54?
51
Let j be 105 + 0/(-12) + 1*-2. Let g = -82 + j. What is the remainder when g is divided by 13 + ((-4)/(-3) - 169/39)?
1
Calculate the remainder when -6142*2/(-64) + 46/736 is divided by ((-1 - -1) + 15)*1.
12
Let w = 275 - 696. Let u = -404 - w. Calculate the remainder when 33 is divided by u.
16
Let p(d) = 8*d**2 + 158*d - 24. What is the remainder when 367 is divided by p(-20)?
15
Suppose 0*z + 3*t = 2*z - 1, -2*z - t = -5. Suppose -3*w = -3*x - 93, -5*w - z*x + 113 + 21 = 0. What is the remainder when 276 is divided by w?
24
Suppose 7*r = 10*r + 15. Let b(v) = 13*v. What is the remainder when b(1) is divided by (r - -3)*(-3)/2?
1
Suppose -y + 85 = 30. Suppose 5*t - y = -5*c, 0 = -3*c + 2*t - 7 + 45. Let p = 185 + -114. Calculate the remainder when p is divided by c.
11
Let x(y) = y**2 - y + 31. Let n = -76 + 91. What is the remainder when x(-6) is divided by n?
13
Let g(t) = t**3 + 2*t**2 + 2*t - 3. Let u(q) = 9*q**2 + 210*q + 895. What is the remainder when u(-18) is divided by g(2)?
14
Let k = 56 - 39. Let a = -295 + 311. Suppose -p + 3*r + 4 = 0, r + a = 2*p + 3*r. What is the remainder when k is divided by p?
3
What is the remainder when ((-26)/(-3) - 1)/((-120)/(-40680)) is divided by 19?
15
Let q(r) be the third derivative of r**6/120 - 7*r**5/60 - r**4/3 - 2*r**3/3 - 8*r**2. Let g be q(8). What is the remainder when (-12)/15*70/g is divided by 4?
2
Suppose 2681 = 8*g - g. Let t = g + -154. What is the remainder when t is divided by 46?
45
Suppose 2*t - 28 = 3*z, 0 = 4*t - 0*t + 4*z - 16. Let p(q) = 6*q - 43. Suppose 3 = -3*o + 54. What is the remainder when o is divided by p(t)?
2
Let o = 12903 + -12734. What is the remainder when o is divided by 39?
13
Suppose -130 = -594*d + 581*d. What is the remainder when 5439 is divided by d?
9
Suppose 6*l - 24158 - 11392 = 0. Calculate the remainder when l is divided by 49.
45
Let o = -102 - -498. Suppose -4*m + k + 57 = 0, 3*m = -m - 2*k + 54. Calculate the remainder when (-130)/(-6) + -12*(-11)/o is divided by m.
8
Let k(z) = -27*z**2 - 11 + 44*z**2 + 5*z + 3. Calculate the remainder when k(3) is divided by 7.
6
Suppose 295*s - 274 = 174*s + 75230. What is the remainder when 1268 is divided by s?
20
Let x be 3 - (2/(-2))/1. Let m(c) = 6*c**2 - 29*c - 90. What is the remainder when m(-3) is divided by x/(-10) - 94/(-10)?
6
Let n(x) = 14*x**3 - 9*x**2 + 14*x + 7. What is the remainder when n(3) is divided by 32?
26
Suppose -4*r + 4*x + 16040 = 0, 3*r - 13390 = -2*x - 1390. What is the remainder when r is divided by 18?
8
Suppose 11*m - 464 = 3*m. Let s = m + -42. What is the remainder when 464/5 - (-2)/10 is divided by s?
13
Suppose 0 - 3 = -i. Suppose 0 = -5*w + i*w - l + 273, -5*w + 4*l = -715. Calculate the remainder when w is divided by 71.
68
Let u be 2/(16/2)*40. Calculate the remainder when 75 is divided by 432/10 + u/((-650)/13).
32
Let f = -186 + 357. What is the remainder when f is divided by 29?
26
Suppose 990 = z - 12*z. Let q = -79 - z. Let g(d) = -15*d - 9. Calculate the remainder when g(-2) is divided by q.
10
Let f = 3 + 5. Suppose -420 = 2*q - f*q. Let z = q + 27. What is the remainder when z is divided by 20?
17
Let k(x) = x**3 + 3*x**2 - 8*x + 3. Let u be (17/(-21) - (-22)/154)*6. What is the remainder when 36 is divided by k(u)?
17
Let h = -4864 + 6122. What is the remainder when h is divided by 42?
40
Suppose 4 = -10*x + 11*x. Suppose 0 = x*a + f - 35, -3*f - 5 = -3*a + 40. Suppose 0*z = -2*z + 14. What is the remainder when a is divided by z?
3
Suppose i - 304 = 5*i. Let r = 113 + i. Suppose h = r + 72. Calculate the remainder when h is divided by 16.
13
Let w(u) = 18*u**2 - 30*u + 121. What is the remainder when w(5) is divided by 416?
5
Let f = -5660 + 6045. What is the remainder when f is divided by 57?
43
Let p = 19 - -26. Let u = 1399783 + -1399738. Calculate the remainder when u is divided by p.
0
Calculate the remainder when 4640/30*90/24 is divided by 135.
40
Suppose 3*s - 17 = -3*k + 139, 3*k - 204 = -4*s. Suppose o - 111 + 23 = 0. What is the remainder when s is divided by (o/(-20) + (-12)/20)*-4?
8
Let d(p) = -14*p + 129. What is the remainder when d(-15) is divided by 114?
111
Suppose 108 = 29*l - 11*l. Suppose 0*c = -7*c + 119. Suppose 15*p - c*p = -22. What is the remainder when p is divided by l?
5
Let k(y) = 4*y**2 + 29*y + 89. Calculate the remainder when 660 is divided by k(-6).
11
Let s(y) = 3*y**2 + 75*y - 943. Calculate the remainder when s(13) is divided by 34.
29
Suppose -170*o - 48776 = -204*o + 35442. Calculate the remainder when o is divided by 37.
35
Let y = 4 + -1. Let i(v) = -6*v**2 + 14*v + 62. Calculate the remainder when i(0) is divided by y.
2
Let h(m) = 2*m**3 - 179*m**2 + 265*m - 5. What is the remainder when 313 is divided by h(88)?
64
Suppose -4*r = 2*v - 2 - 6, 0 = -2*v - 2*r + 8. Suppose v = h, -3*h - 139 = -5*i - 26. Let w = -1301 + 1305. Calculate the remainder when i is divided by w.
1
Suppose -r = -6*r, -c = 115*r - 110*r - 122. What is the remainder when 1340 is divided by c?
120
Let c = -531 - -553. Suppose c*s - 5275 = 1215. Calculate the remainder when s is divided by 13.
9
Let t(q) = 6*q - 8. Let n be t(5). Let f = 71 - n. Let l = 35 + f. What is the remainder when l is divided by 17?
16
Let b be 17*1/5 + 136/(-340). Calculate the remainder when ((-174)/(-9) - 7)/(1/b) is divided by 20.
17
Suppose 4*j + 2*o = 3*o + 709, 2*o = -2*j + 352. Suppose -5*u + 2*f + j = 36, 3 = -f. Calculate the remainder when (-48)/8*(-424)/24 is divided by u.
25
Suppose -709*t = -656*t - 14310. What is the remainder when t is divided by 262?
8
Let y(p) = -2*p**2 - 13*p - 13. Let v = -86 - -81. Let x be y(v). Suppose -11*s = x*s - 260. What is the remainder when 76 is divided by s?
16
Suppose 9*r - 156 = -3*r. Let o(v) = 4*v - 47. What is the remainder when o(17) is divided by r?
8
Let i(d) = d**3 + 12*d**2 + 12*d + 19. Let s be i(-7). Suppose 146 = -17*p + s. What is the remainder when 45 is divided by p?
1
Let a = -6830 + 6842. What is the remainder when 377 is divided by a?
5
Let n be 0 + 30/8 + 93/372. Suppose -3*p + 431 = n*d, -5*p + d + 7